 the highest common factor of 636801 and 759.
759
Calculate the highest common factor of 99311 and 141.
47
What is the highest common factor of 619323 and 177?
177
Calculate the greatest common divisor of 5805 and 9.
9
What is the highest common factor of 18122 and 65858?
442
What is the highest common factor of 200277 and 99?
99
What is the greatest common factor of 377856 and 1107?
369
What is the highest common factor of 600 and 571325?
25
Calculate the greatest common divisor of 48 and 27924.
12
What is the greatest common factor of 93 and 141794?
31
Calculate the greatest common factor of 12555 and 155.
155
Calculate the highest common factor of 245 and 1310.
5
What is the greatest common factor of 115 and 524423?
23
What is the greatest common divisor of 752 and 16732?
188
What is the highest common divisor of 48237 and 63?
21
Calculate the highest common factor of 7444 and 248.
4
Calculate the greatest common divisor of 33 and 33121.
11
What is the greatest common divisor of 1414 and 234017?
707
What is the greatest common factor of 816312 and 339?
339
Calculate the highest common divisor of 398704 and 16.
16
What is the greatest common factor of 48 and 401496?
24
Calculate the greatest common factor of 4788 and 42588.
252
Calculate the highest common factor of 661895 and 3315.
1105
What is the greatest common factor of 159468 and 97?
97
What is the highest common factor of 2080 and 176280?
520
What is the greatest common divisor of 6438 and 555?
111
Calculate the greatest common factor of 50024 and 18944.
296
What is the greatest common factor of 231 and 63231?
21
Calculate the greatest common divisor of 5201 and 6503.
7
What is the highest common factor of 3400 and 175?
25
What is the highest common divisor of 360 and 21040?
40
What is the highest common divisor of 3497823 and 279?
279
Calculate the highest common divisor of 180 and 54800.
20
What is the greatest common factor of 93 and 18166?
31
What is the highest common divisor of 65741 and 338?
169
Calculate the greatest common factor of 252 and 124152.
84
Calculate the greatest common divisor of 50 and 1063.
1
Calculate the highest common factor of 1274 and 34349.
49
Calculate the highest common factor of 4975 and 4550.
25
Calculate the highest common divisor of 4186 and 5278.
182
What is the highest common factor of 2166 and 668572?
722
What is the greatest common factor of 4464 and 8136?
72
Calculate the highest common divisor of 44514 and 18.
18
Calculate the greatest common factor of 2332 and 13038.
106
What is the highest common factor of 4708 and 26215?
107
Calculate the greatest common divisor of 190112 and 39.
13
Calculate the highest common divisor of 160 and 30488.
8
Calculate the greatest common divisor of 353232 and 4356.
396
What is the greatest common factor of 70956 and 16425?
657
What is the highest common divisor of 66961 and 58?
29
What is the highest common divisor of 15742 and 323?
17
Calculate the greatest common divisor of 17675 and 4141.
101
Calculate the greatest common factor of 209489 and 21.
7
Calculate the greatest common divisor of 108 and 959796.
108
Calculate the greatest common divisor of 3392 and 8.
8
What is the highest common divisor of 71841 and 4851?
231
Calculate the highest common divisor of 1121 and 4997.
19
Calculate the greatest common divisor of 101 and 1741745.
101
Calculate the greatest common factor of 296 and 18944.
296
Calculate the highest common divisor of 426 and 8662.
142
Calculate the greatest common factor of 731372 and 1608.
268
Calculate the greatest common factor of 13142 and 2.
2
What is the highest common divisor of 24 and 100328?
8
Calculate the greatest common factor of 121710 and 270.
30
What is the highest common factor of 1666 and 42194?
34
What is the greatest common factor of 27 and 28719?
9
What is the highest common factor of 10266 and 8526?
174
Calculate the greatest common factor of 418 and 16346.
22
What is the greatest common divisor of 15164 and 10258?
446
What is the highest common divisor of 41 and 367?
1
What is the highest common divisor of 72657 and 135?
27
Calculate the highest common factor of 149254 and 882.
98
Calculate the highest common factor of 3825 and 554175.
225
What is the highest common factor of 624 and 143?
13
What is the highest common divisor of 12440 and 140?
20
What is the highest common divisor of 58 and 70093?
29
Calculate the greatest common factor of 578 and 110636.
34
Calculate the highest common factor of 412 and 301069.
103
Calculate the greatest common factor of 4242230 and 10.
10
Calculate the greatest common divisor of 1349 and 12008.
19
What is the highest common factor of 56 and 19336?
8
Calculate the highest common divisor of 7209 and 51264.
801
What is the greatest common factor of 20296 and 3784?
344
What is the highest common factor of 10811 and 19346?
569
What is the greatest common divisor of 1017 and 20227?
113
Calculate the greatest common divisor of 3371800 and 552.
184
What is the highest common divisor of 1201423 and 41?
41
Calculate the highest common factor of 21574652 and 2167.
2167
Calculate the greatest common divisor of 15020 and 1900.
20
What is the highest common divisor of 11513 and 241376?
397
What is the greatest common factor of 414848 and 140?
28
What is the highest common divisor of 12 and 289884?
12
Calculate the highest common divisor of 54 and 931869.
9
What is the highest common factor of 684 and 22608?
36
Calculate the highest common factor of 358 and 113486.
358
Calculate the greatest common factor of 1098720 and 224.
224
Calculate the highest common factor of 28 and 5467.
7
What is the highest common divisor of 2267960 and 160?
40
Calculate the highest common divisor of 60 and 145680.
60
Calculate the highest common factor of 1116 and 332.
4
Calculate the highest common divisor of 2328 and 33.
3
What is the greatest common divisor of 731 and 1700?
17
What is the greatest common factor of 672 and 136080?
336
What is the highest common factor of 117806 and 3276?
26
Calculate the greatest common divisor of 3510 and 8100.
270
Calculate the greatest common divisor of 14 and 3823162.
14
What is the highest common factor of 705730 and 10?
10
Calculate the highest common divisor of 13490 and 285.
95
What is the greatest common divisor of 9275 and 40450?
25
Calculate the greatest common divisor of 4978 and 264358.
262
Calculate the highest common divisor of 56098 and 28.
14
Calculate the highest common factor of 910019 and 11.
11
Calculate the greatest common divisor of 37 and 139046.
37
What is the highest common divisor of 2995 and 120399?
599
Calculate the highest common divisor of 4278 and 1242.
138
What is the greatest common divisor of 84835 and 235?
235
What is the highest common factor of 166161 and 291?
291
Calculate the highest common divisor of 32528 and 361.
19
What is the highest common divisor of 3536 and 1496?
136
Calculate the greatest common factor of 132 and 369336.
132
What is the greatest common divisor of 299 and 79183?
13
What is the highest common divisor of 2839 and 13022?
17
Calculate the highest common divisor of 1416 and 1014564.
708
Calculate the greatest common factor of 8374 and 53742.
106
Calculate the greatest common factor of 675510 and 66.
66
Calculate the highest common factor of 98 and 9037.
7
What is the greatest common factor of 33592 and 8216?
104
What is the greatest common factor of 394 and 1595700?
394
What is the greatest common factor of 4 and 6194?
2
Calculate the highest common factor of 920513 and 469.
67
Calculate the highest common factor of 104 and 22711.
13
Calculate the greatest common factor of 316 and 11876.
4
What is the greatest common factor of 748 and 97427?
187
Calculate the greatest common divisor of 1329 and 84170.
443
Calculate the greatest common factor of 12491 and 11.
1
What is the greatest common divisor of 252 and 91980?
252
Calculate the highest common factor of 236 and 617612.
236
Calculate the highest common factor of 25248 and 111249.
789
Calculate the greatest common divisor of 11531 and 13305.
887
Calculate the highest common factor of 3388765 and 155.
155
Calculate the greatest common factor of 55178 and 188.
94
Calculate the greatest common factor of 72 and 3357.
9
Calcul